7 a factor of 1112877739?
False
Is 3156 a factor of 65355624?
False
Is 2 a factor of 80603920?
True
Does 269 divide 4882806?
False
Is 4521655 a multiple of 97?
True
Is 479292911 a multiple of 157?
False
Does 20 divide 1851650820?
True
Is 20 a factor of 178801435?
False
Is 56 a factor of 160113020?
False
Is 531 a factor of 23890766?
False
Does 65 divide 74720620?
True
Does 7 divide 46450726?
True
Does 1249 divide 145640894?
True
Is 49 a factor of 1237593?
True
Does 822 divide 413932074?
True
Is 1895130468 a multiple of 1386?
True
Is 4455616718 a multiple of 694?
True
Is 2982219 a multiple of 3?
True
Is 155 a factor of 21346445?
True
Is 113 a factor of 700767127?
True
Is 5 a factor of 48536840?
True
Is 6 a factor of 27054882?
True
Is 83681719 a multiple of 13?
False
Is 605 a factor of 37302485?
True
Does 3 divide 38648412?
True
Does 681 divide 1339161984?
True
Is 12 a factor of 90941724?
True
Does 332 divide 46954112?
False
Is 1252991902 a multiple of 696?
False
Is 7 a factor of 3510205318?
False
Is 8 a factor of 40904408?
True
Is 1599 a factor of 51875167?
False
Is 4 a factor of 379851500?
True
Does 621 divide 1130096932?
False
Is 312579079 a multiple of 144?
False
Is 39 a factor of 244468263?
True
Is 63124164 a multiple of 693?
False
Does 1260 divide 27711952?
False
Is 191234429 a multiple of 35?
False
Is 4654560718 a multiple of 506?
False
Is 591448596 a multiple of 12?
True
Is 85988719 a multiple of 28?
False
Is 493 a factor of 31667958?
False
Does 68 divide 81361737?
False
Does 18 divide 903879?
False
Is 11537620 a multiple of 414?
False
Is 24376075 a multiple of 155?
True
Does 1056 divide 31629692?
False
Is 16 a factor of 243015862?
False
Does 44 divide 1110641663?
False
Does 88 divide 1985957?
False
Is 140376974 a multiple of 5992?
False
Does 6933 divide 2082340416?
True
Is 128519950 a multiple of 149?
True
Is 330737617 a multiple of 133?
True
Is 971 a factor of 294377099?
True
Is 7 a factor of 9164363?
False
Does 52 divide 913482284?
True
Is 380414580 a multiple of 190?
True
Does 16 divide 48746544?
True
Is 147 a factor of 83965224?
True
Is 1862 a factor of 38789157?
False
Is 108 a factor of 2580675730?
False
Does 4 divide 37227908?
True
Is 25496388 a multiple of 483?
False
Does 4131 divide 434703036?
False
Is 1433 a factor of 162151115?
True
Is 34339800 a multiple of 3225?
True
Is 73229100 a multiple of 25?
True
Is 2087317414 a multiple of 4033?
False
Does 199 divide 350303782?
False
Is 1380611727 a multiple of 6193?
False
Is 1517 a factor of 584471277?
True
Is 385 a factor of 298443915?
True
Does 443 divide 324068249?
False
Is 74743479 a multiple of 9?
True
Is 3212 a factor of 115795812?
True
Does 104 divide 72673328?
True
Is 228195544 a multiple of 489?
False
Does 356 divide 21248473?
False
Is 136 a factor of 1772147592?
True
Does 548 divide 594940835?
False
Is 12320750 a multiple of 34?
True
Is 31577152 a multiple of 16?
True
Does 663 divide 11709243?
True
Is 21 a factor of 47834334?
False
Does 15 divide 1885493689?
False
Does 365 divide 540811740?
True
Is 1450 a factor of 693465439?
False
Is 577 a factor of 356325996?
False
Is 705076326 a multiple of 9?
True
Is 13 a factor of 418245094?
False
Is 294787037 a multiple of 4?
False
Is 375 a factor of 6604500?
True
Is 66168219 a multiple of 1599?
True
Is 13503882 a multiple of 357?
True
Is 64339304 a multiple of 81?
False
Is 136 a factor of 192131008?
True
Is 13 a factor of 98035470?
True
Is 13 a factor of 3749620225?
True
Does 44 divide 27173608?
True
Does 9 divide 3537270?
True
Does 2382 divide 1439576336?
False
Is 17802162 a multiple of 119?
True
Does 3389 divide 22534647?
False
Is 292 a factor of 22870316?
True
Is 68852120 a multiple of 82?
True
Is 2432282635 a multiple of 29?
True
Does 25 divide 4750191526?
False
Is 91 a factor of 25064040?
False
Is 17 a factor of 26434249?
False
Is 29832562 a multiple of 161?
False
Is 154 a factor of 52668?
True
Is 55420806 a multiple of 66?
False
Is 69 a factor of 385030309?
False
Is 57 a factor of 325437396?
True
Is 5278007328 a multiple of 14?
False
Is 118 a factor of 613364984?
False
Does 12 divide 124171081?
False
Is 6 a factor of 19757620?
False
Is 314 a factor of 28298308?
True
Is 381 a factor of 8321040?
True
Is 1371661441 a multiple of 24?
False
Does 126 divide 25474680?
True
Is 232 a factor of 405047618?
False
Is 153611982 a multiple of 214?
True
Is 28 a factor of 6349053?
False
Is 13 a factor of 152140729?
True
Does 2 divide 34857933?
False
Does 4 divide 2286962?
False
Is 1882 a factor of 59420386?
True
Is 10447562 a multiple of 52?
False
Is 399951201 a multiple of 27?
False
Is 202 a factor of 44462826?
True
Does 64 divide 599011264?
True
Is 41 a factor of 231027514?
False
Is 24879680 a multiple of 203?
True
Is 84 a factor of 157178105?
False
Does 24 divide 4650038?
False
Does 34 divide 35287546?
True
Does 13 divide 992212?
True
Is 262 a factor of 994241234?
False
Does 20 divide 7656040?
True
Does 52 divide 13737568?
True
Does 29 divide 663001915?
True
Does 647 divide 160273825?
False
Does 702 divide 29418714?
True
Is 2539817245 a multiple of 229?
True
Is 1755303 a multiple of 43?
True
Is 5991 a factor of 2358200934?
False
Is 28103800 a multiple of 100?
True
Does 33 divide 255589719?
True
Is 2583 a factor of 3139042410?
True
Is 265 a factor of 57151794?
False
Is 43067396 a multiple of 6?
False
Is 987 a factor of 43336209?
True
Is 10319613 a multiple of 129?
True
Does 8 divide 137246729?
False
Is 43 a factor of 3306018794?
True
Does 51 divide 6487353?
True
Is 47 a factor of 1833967672?
False
Is 444 a factor of 35906724?
True
Is 1459690305 a multiple of 18?
False
Is 148076369 a multiple of 14?
False
Does 88 divide 434894643?
False
Is 11 a factor of 3399459189?
False
Is 110 a factor of 51708410?
False
Is 287012 a multiple of 136?
False
Is 30 a factor of 1730984352?
False
Is 201569646 a multiple of 2?
True
Is 2943 a factor of 736176681?
False
Is 60 a factor of 40998140?
False
Is 655895483 a multiple of 17?
False
Is 22803198 a multiple of 3531?
True
Is 54 a factor of 7731416192?
False
Does 88 divide 148849800?
True
Does 1708 divide 796122086?
False
Is 858 a factor of 574997280?
True
Does 23 divide 59437336?
True
Is 792 a factor of 186556661?
False
Does 351 divide 184192515?
True
Is 306864912 a multiple of 53?
True
Does 199 divide 47916613?
True
Is 7039020 a multiple of 170?
True
Is 7016353 a multiple of 281?
False
Does 54 divide 66438576?
True
Is 3725 a factor of 146284475?
True
Does 329 divide 1661577007?
False
Is 119790286 a multiple of 154?
True
Is 165744842 a multiple of 94?
True
Is 446 a factor of 140887386?
True
Is 81 a factor of 31210753?
False
Does 177 divide 176391651?
True
Is 106846740 a multiple of 35?
True
Does 122 divide 653564542?
False
Does 4 divide 1193120?
True
Is 190 a factor of 30264148?
False
Does 15 divide 252972376?
False
Is 5975500 a multiple of 10?
True
Does 1444 divide 198664076?
True
Does 186 divide 143673592?
False
Does 233 divide 556557303?
False
Is 60 a factor of 21178823?
False
Is 4859864 a multiple of 1982?
True
Is 118 a factor of 609564518?
True
Is 84 a factor of 1652406924?
True
Is 1342505170 a multiple of 5?
True
Is 221446148 a multiple of 17?
True
Is 108958071 a multiple of 95?
False
Does 2719 divide 172395476?
True
Is 594 a factor of 175638078?
True
Is 494761710 a multiple of 38?
True
Is 1534430527 a multiple of 25?
False
Is 17 a factor of 349152273?
True
Is 978 a factor of 219517968?
True
Does 1495 divide 180449713?
False
Does 868 divide 89769863?
False
Is 113 a factor of 6371183?
False
Is 13376 a multiple of 3?
False
Is 741 a factor of 269420931?
True
Is 51 a factor of 99351417?
True
Does 44 divide 36922486?
False
Is 90142686 a multiple of 13?
False
Is 68 a factor of 3339479?
False
Is 46 a factor of 9680293?
False
Is 19 a factor of 204736460?
False
Is 686 a factor of 60383778?
True
Is 577975083 a multiple of 43?
True
Is 51651148 a multiple of 10?
False
Does 1056 divide 266550838?
False
Does 48 divide 133510630?
False
Is 82 a factor of 482982378?
True
Does 1436 divide 438281303?
False
Is 419 a factor of 91787287?
False
Is 10504386 a multiple of 68?
False
Is 161 a factor of 1718304290?
False
Does 20 divide 217207420?
True
Is 10132 a factor of 1651586924?
True
Is 213340969 a multiple of 4?
False
Is 1922